2495 (base 12) in base 16?
-1031
Convert -221022012 (base 3) to base 2.
-100100000001110
Convert -b48 (base 16) to base 8.
-5510
Convert 1122102 (base 4) to base 7.
22563
Convert 3bd3 (base 16) to base 10.
15315
What is 188a5 (base 14) in base 6?
1155225
What is 4535 (base 6) in base 2?
10000101011
-538 (base 13) to base 14
-47a
What is -180b (base 14) in base 11?
-3280
Convert 170 (base 8) to base 13.
93
Convert -3449 (base 12) to base 16.
-16b9
Convert -77 (base 12) to base 14.
-67
Convert 379 (base 10) to base 2.
101111011
Convert 15094 (base 14) to base 5.
3133031
-2021031 (base 4) to base 3
-110001020
Convert -3404 (base 6) to base 14.
-40c
What is -102140 (base 6) in base 10?
-8268
Convert -3d2 (base 15) to base 9.
-1168
Convert 7276 (base 16) to base 12.
14b5a
11b (base 16) to base 14
163
Convert 3d7 (base 15) to base 3.
1012111
-18544 (base 10) to base 16
-4870
What is 487 (base 13) in base 8?
1423
Convert 2276 (base 8) to base 2.
10010111110
Convert 3453 (base 7) to base 6.
5503
Convert -580 (base 10) to base 11.
-488
-11111111111 (base 2) to base 15
-917
44a7 (base 11) to base 13
290a
112120 (base 4) to base 13
862
Convert 17c0 (base 13) to base 4.
313100
-1654 (base 13) to base 12
-1a94
Convert -11110101011 (base 2) to base 8.
-3653
-3331 (base 6) to base 2
-1100000111
Convert 443 (base 8) to base 12.
203
111011 (base 3) to base 4
11203
119a (base 14) to base 16
c04
-6d8 (base 14) to base 12
-95a
688 (base 10) to base 6
3104
Convert -23276 (base 10) to base 5.
-1221101
Convert -2523 (base 11) to base 16.
-cdc
32555 (base 6) to base 13
20ab
Convert -12414 (base 5) to base 3.
-1100110
132 (base 16) to base 5
2211
What is -634 (base 8) in base 6?
-1524
-152505 (base 6) to base 8
-35031
Convert -960 (base 12) to base 6.
-10200
Convert 20302 (base 6) to base 3.
10201002
What is -206c (base 14) in base 2?
-1010111010000
What is 20011111 (base 3) in base 4?
1012033
-110200 (base 3) to base 4
-11112
Convert 1000130 (base 4) to base 8.
10034
432 (base 9) to base 7
1013
701 (base 8) to base 3
121122
Convert 53f (base 16) to base 15.
5e8
What is ab63 (base 12) in base 9?
27873
Convert 101101101100001 (base 2) to base 3.
1012002102
Convert -24 (base 10) to base 7.
-33
Convert 213 (base 8) to base 16.
8b
Convert -8ba (base 14) to base 11.
-1335
100010101100 (base 2) to base 13
101a
Convert 31444 (base 8) to base 11.
9922
551353 (base 6) to base 10
45717
Convert -310103 (base 4) to base 12.
-1b2b
-270 (base 11) to base 7
-634
What is -113455 (base 6) in base 15?
-2dee
Convert 61325 (base 9) to base 8.
116651
103232 (base 4) to base 8
2356
Convert 20105 (base 6) to base 8.
5111
13476 (base 8) to base 9
8141
-142141 (base 7) to base 4
-12220213
-1e2 (base 16) to base 3
-122212
Convert 578 (base 14) to base 11.
8a8
What is 1609 (base 11) in base 2?
100000010010
Convert -1133 (base 7) to base 11.
-349
What is -100101100000 (base 2) in base 3?
-10021220
24524 (base 12) to base 16
bfec
What is 37c (base 15) in base 2?
1100011000
What is 193 (base 15) in base 4?
11223
Convert 10111101011 (base 2) to base 16.
5eb
2858 (base 9) to base 12
12bb
What is -1200 (base 12) in base 7?
-5610
-10247 (base 10) to base 6
-115235
What is -145 (base 14) in base 12?
-195
-2432 (base 5) to base 3
-111121
What is b4d (base 14) in base 7?
6326
-1364 (base 9) to base 3
-1102011
What is 422 (base 13) in base 16?
2c0
What is 303 (base 5) in base 16?
4e
What is 34704 (base 8) in base 13?
6967
What is 11100111 (base 2) in base 4?
3213
-2497 (base 14) to base 10
-6405
Convert -102241 (base 5) to base 12.
-1bb2
What is 14505 (base 7) in base 4?
332313
-5232 (base 6) to base 15
-532
What is 13190 (base 10) in base 7?
53312
Convert 1651 (base 7) to base 15.
2ed
Convert -1703 (base 8) to base 9.
-1280
Convert -22202002 (base 3) to base 10.
-6374
Convert -2414 (base 12) to base 5.
-112143
What is 1020110 (base 3) in base 11?
751
-8f (base 16) to base 12
-bb
1662 (base 8) to base 10
946
Convert 11204 (base 8) to base 9.
6446
What is -110110001001011 (base 2) in base 9?
-42023
Convert -61205 (base 8) to base 7.
-133350
Convert -3a (base 16) to base 6.
-134
-10001101110001 (base 2) to base 10
-9073
What is -7250 (base 8) in base 13?
-1928
1022100 (base 3) to base 7
2532
-1244301 (base 5) to base 3
-1021020010
Convert 69b3 (base 12) to base 8.
27027
What is -43e (base 16) in base 12?
-766
15a (base 16) to base 5
2341
54773 (base 10) to base 3
2210010122
121121 (base 3) to base 2
111000000
-140 (base 11) to base 6
-433
Convert -111100100 (base 2) to base 9.
-587
ac (base 14) to base 12
108
What is -223021 (base 6) in base 12?
-aa71
Convert -2200 (base 6) to base 10.
-504
Convert -232041 (base 5) to base 12.
-4a38
Convert 10000000110011 (base 2) to base 11.
6214
What is -17701 (base 9) in base 2?
-10111111001000
What is -1404 (base 7) in base 15?
-263
Convert 1350131 (base 6) to base 4.
102223213
Convert -7710 (base 12) to base 16.
-333c
Convert -21021 (base 4) to base 6.
-2413
6826 (base 14) to base 3
220210010
3353 (base 6) to base 8
1425
Convert -1071 (base 14) to base 5.
-42333
What is -1421 (base 5) in base 14?
-12c
-40de (base 15) to base 12
-7b25
What is -117344 (base 8) in base 4?
-21323210
-11110111 (base 2) to base 14
-139
Convert 1415 (base 10) to base 15.
645
-3275 (base 11) to base 8
-10335
1229a (base 12) to base 2
110000000010110
2037 (base 11) to base 9
3632
What is -2110032 (base 4) in base 2?
-10010100001110
Convert -10243 (base 5) to base 7.
-2015
-93 (base 16) to base 11
-124
What is -cc68 (base 14) in base 7?
-205061
What is -33004 (base 5) in base 9?
-3074
What is 38538 (base 12) in base 6?
1351312
Convert 417 (base 15) to base 16.
39a
Convert 1061 (base 8) to base 13.
342
Convert 33a (base 15) to base 6.
3214
-109 (base 14) to base 4
-3031
200021 (base 3) to base 12
351
Convert 176 (base 11) to base 9.
246
What is 122406 (base 8) in base 12?
20546
7b8 (base 14) to base 3
2002211
530 (base 11) to base 12
452
Convert 55b (base 14) to base 9.
1408
What is 3241 (base 6) in base 4?
23221
What is 2401 (base 10) in base 5?
34101
What is 4a6 (base 15) in base 3?
1110010
What is -635 (base 8) in base 4?
-12131
Convert 12405 (base 6) to base 9.
2515
2c24 (base 14) to base 9
11716
-11122 (base 3) to base 5
-1000
Convert 10212 (base 4) to base 16.
126
-2208 (base 11) to base 10
-2912
What is c1 (base 14) in base 4?
2221
-531 (base 8) to base 13
-207
-856 (base 13) to base 3
-1221201
What is -131030 (base 4) in base 13?
-b09
1010 (base 7) to base 14
1b0
13753 (base 8) to base 12
3663
Convert -801 (base 16) to base 14.
-a65
212110 (base 3) to base 2
1001111001
531011 (base 6) to base 4
22133233
-111011012 (base 3) to base 9
-14135
-689 (base 10) to base 7
-2003
Convert 4154 (base 6) to base 12.
65a
What is -13002213 (base 4) in base 7?
-150036
Convert c44 (base 16) to base 10.
3140
Convert -2537 (base 8) to base 9.
-1787
-2102222222 (base 3) to base 4
-23233301
5024 (base 11) to base 14
2613
What is -200 (base 11) in base 3?
-22222
What is -cb52 (base 14) in base 10?
-35156
What is -65b (base 15) in base 7?
-4121
-1212 (base 8) to base 9
-802
Convert -110211212 (base 3) to base 12.
-5505
Convert -443 (base 15) to base 12.
-683
ef0 (base 16) to base 3
12020122
What is -a34 (base 15) in base 4?
-203323
What is 326 (base 8) in base 5?
1324
dd (base 15) to base 3
21201
Convert -1241 (base 5) to base 2.
-11000100
321 (base 10) to base 2
101000001
Convert 3220203 (base 5) to base 6.
1055552
Convert -b21 (base 14) to base 6.
-14041
What is -999 (base 11) in base 10?
-1197
What is 112464 (base 8) in base 15?
b4b6
What is -2112 (base 10) in base 3?
-2220020
What is 10116 (base 8) in base 3?
12201121
-2d9 (base 16) to base 15
-339
What is 313 (base 11) in base 16?
179
Convert -184a (base 15) to base 2.
-1010001111101
What is 96d (base 15) in base 4?
201100
Convert 1110004 (base 5) to base 9.
28522
-35053 (base 7) to base 12
-5224
11033 (base 9) to base 7
30225
-47225 (base 9) to base 11
-21766
What is 788b (base 15) in base 9?
38045
-6599 (base 11) to base 2
-10000111111011
-330 (base 10) to base 6
-1310
200111 (base 3) to base 2
111110011
444 (base 6) to base 5
1142
Convert -313312 (base 5) to base 2.
-10100011011001
Convert -510 (base 14) to base 11.
-824
What is 8170 (base 11) in b